tens digit of j?
3
Let d(k) = k**2 - 2*k - 4. Let h be d(-4). Let m = 52 - h. What is the tens digit of m?
3
What is the units digit of ((-704)/(-66))/(2/168)?
6
Suppose 33*o + 3162 = 16758. What is the tens digit of o?
1
Suppose 5*f = -u + 80 + 26, 5*u - 626 = -f. Suppose 5*c - 44 = u. What is the tens digit of c?
3
Suppose x - 3*y = -2*x + 9, -2 = -2*x + y. Let f be (x - 2)*(-3)/3. What is the tens digit of (-4 - -6 - f) + 13?
1
Let j = -8 - 8. Let i be 18 + (-3 - 4/(-1)). Let n = i + j. What is the units digit of n?
3
Suppose 20 = 7*m - 3*m. Let i(b) = 0 + 8 - 9*b + m + b**2 - 10. What is the units digit of i(9)?
3
Let q be 195/27 - 10/45. Suppose 0 = 2*x - q*x + 30. Suppose -4*v = r + x, 4*r - 24 = v - 5*v. What is the units digit of r?
0
Suppose -3*p - o + 16 = 0, -3*p = -4*o + 5 - 1. Suppose 8*h - 464 = p*h. What is the units digit of h?
6
Let p(k) = 34*k - 2 - 14*k + 22*k + 122*k. Let q be p(-6). What is the units digit of (-14)/(-105) - q/30?
3
Let o(d) = -145*d - 87. Let u be o(-25). What is the tens digit of (-24)/(-84) - u/(-14)?
5
Suppose -321 - 260 = -h + 4*d, 2*d - 2 = 0. What is the units digit of h?
5
Let m(z) be the first derivative of -z**4/4 + 5*z**3/3 - 4*z**2 + 10*z - 5. What is the units digit of m(3)?
4
Let f be (-2)/(-3)*138/4. Suppose 5*v - f + 553 = 0. What is the units digit of 6/33 + v/(-22)?
5
Let d = -29 + 47. Let b = -26 + d. Let o(x) = -x**3 - 6*x**2 + 9*x - 14. What is the tens digit of o(b)?
4
Suppose 3*d - 18 = -6. What is the units digit of ((-2)/(-4))/(d/808)?
1
Let i = 19 - 17. Let u(d) = 2*d**2 - d**i + 18*d - 17*d. What is the units digit of u(2)?
6
What is the thousands digit of (4 + 2787)*(4 - 3)?
2
What is the hundreds digit of (3636/180)/(-2*(-2)/40)?
2
Suppose -49*n + 27*n = -31922. What is the hundreds digit of n?
4
Let w be (28/3)/(6/(-153)). Let n be (-8)/36 - w/18. Let u = n + 7. What is the units digit of u?
0
What is the tens digit of 9*(-1)/(-18)*(-1 - -3893)?
4
Suppose 7*b - 163 - 124 = 0. Suppose 2*m - b - 74 = -5*x, -4*x = -m - 79. What is the units digit of x?
1
Let p(c) = 5*c**2 - 76*c - 206. What is the thousands digit of p(-24)?
4
What is the hundreds digit of ((-1086)/5)/(2/40*-6)?
7
Let r(k) = -k + 10. Let c be 1*(-21)/(-9)*-3. Let w be (c + 5)/((-3)/(-12)). What is the units digit of r(w)?
8
Suppose 0 = 3*h - 6*h + 12. Suppose 0*x - x = -2, -x = h*l - 218. Let f = l + -27. What is the tens digit of f?
2
Let i be 1530/(-105)*1*7. Let n = i + 223. What is the units digit of n?
1
Suppose 716 = 4*q - 10*s + 12*s, 0 = s. What is the hundreds digit of q?
1
Let y(h) = 35*h**2 + h + 1. Let n(p) = p + 10. Let l be n(0). Let s be (-4)/l + 9/(-15). What is the tens digit of y(s)?
3
Suppose 0 = -5*y + j + 15, -5*y + 4*j = 6 - 21. Suppose -5*b = 4*h - 1036, -y*h + 3*b + 496 + 254 = 0. What is the hundreds digit of h?
2
Suppose -v + 7*v - 24 = 0. What is the units digit of v/(-3) + 2 + (-106)/(-3)?
6
Suppose -26*q = -23*q + b - 1747, -4*b = 3*q - 1732. What is the hundreds digit of q?
5
Suppose -n - 31 = 3*r, 2*r = -3*n - 27 - 38. Let i = -42 - -30. Let f = i - n. What is the units digit of f?
7
Let t(g) = -3*g - 6. Let a be t(-4). Suppose -4*u - 16 = 0, -3*k - 3*u - a = -3. Suppose k*b - 4*b + 8 = 0. What is the units digit of b?
8
Let r(b) be the third derivative of 0*b - b**2 + 1/60*b**5 + 0 + 1/2*b**3 - 3/8*b**4. What is the tens digit of r(11)?
2
Let x(b) = b**3 + 5*b**2 - b - 3. Let p be ((-24)/14)/(10/(-35)). Let l = p - 3. What is the units digit of x(l)?
6
Let b(z) = 8*z - 5. Let n be b(1). Suppose n*y = 5*u + 481, -333 = -2*y + 2*u - 15. What is the tens digit of y?
5
Let j(a) = a**2 + 12*a + 6. Let o = -9 + 13. What is the units digit of j(o)?
0
Let i = -64 + 68. Suppose -3*k + i*k + x = 117, -5*x = 15. What is the units digit of k?
0
Let o be 2 + (0 - 3) + -1. Let u be (o/(-2)*-6)/1. What is the units digit of (4/(-3))/(u/9)?
2
What is the tens digit of -1 + 10 + -3 - -34?
4
What is the units digit of (-35)/(1*9/(-117))?
5
Let x(l) be the second derivative of -l**4/6 - 13*l**3/6 - l**2/2 - 6*l. Let a(d) be the first derivative of x(d). What is the units digit of a(-6)?
1
Suppose 18*a = 13*a - 1245. Let k = -145 - a. What is the units digit of k?
4
Let f be -1 + 673 + 4 + -4. Suppose 5*p + 3*p = f. What is the tens digit of p?
8
Let u(w) be the third derivative of 7*w**5/120 - 5*w**4/24 - w**3/2 + 5*w**2. Let x(q) be the first derivative of u(q). What is the units digit of x(2)?
9
Suppose 0 = -2*y + 8, -7*y = h - 3*y - 31. What is the units digit of (h/10)/((-6)/(-196))?
9
Let n = 50 - 18. Let r = n - 30. What is the units digit of 47 + (0 - (r + -3))?
8
Suppose u = -11*u + 9768. What is the tens digit of u?
1
Let a(t) = 11*t**2 + 3*t + 1. Suppose -3 - 1 = 2*m. What is the units digit of a(m)?
9
Suppose -15 = -4*c - k + 5, -4*k = 0. Suppose 123 + 7 = -c*o. Let v = o + 49. What is the units digit of v?
3
Let j(x) = 396*x**2 + 5*x - 2. What is the hundreds digit of j(1)?
3
Let l(d) = -2*d + 9. Let o be l(5). Let x be o/(3 - 8/4). Let c(h) = 18*h**2 - h. What is the tens digit of c(x)?
1
Let d = 7326 - 4614. What is the tens digit of d?
1
Suppose 16 = -2*r + 6*r. Suppose -11*z + 7 = -r*z. What is the units digit of (7/21)/(z/45)?
5
What is the tens digit of (-59 + 56)/((-1)/(107/3))?
0
Suppose -4*j = -3*w - 0*w - 853, -w = 3. What is the hundreds digit of j?
2
Let o(l) = l**3 + 4*l**2 - 5. Let y be o(-3). Suppose -j + 5 = -2*x + y*x, -x = j - 5. Suppose j*q - 3*q = 66. What is the tens digit of q?
3
Let w = 88 - 81. Suppose 0 = -2*k + w*k + 4*f - 708, -2 = -f. What is the hundreds digit of k?
1
Suppose -7*q - 342 + 1371 = 0. What is the units digit of q?
7
Suppose 0 = 5*a - 5, 5*m - 5*a + 925 = -0*a. Let h = -98 - m. What is the tens digit of h?
8
What is the thousands digit of 976/(-24)*(2 + (-183)/6)?
1
Let p(z) = -z**2 - 10*z - 5. Let f be p(-9). Suppose 1 + 3 = -f*q. What is the units digit of (-10)/6*3*q?
5
Let c(b) = b**2 - 43*b + 50. Let h be c(40). Let d(m) = -8*m**3 + 2*m - 1. Let t be d(1). Let s = t - h. What is the tens digit of s?
6
Let n(o) = -452*o - 109. What is the tens digit of n(-3)?
4
What is the thousands digit of 5 - (2 + 6) - -1101?
1
Suppose 0 = -3*l + 1631 + 448. Suppose l = 10*r + r. What is the units digit of r?
3
Let g(u) = 1983*u**2 - 8*u + 8. What is the thousands digit of g(1)?
1
Let l = 49 + -42. Let m be 2*((-10)/(-4) - 2). Suppose -p + m = -l. What is the units digit of p?
8
Let x(l) = -l**2 + 476. What is the units digit of x(0)?
6
Let k = 1188 - 353. What is the tens digit of k?
3
Let l = 61 + -37. Let r = l + -6. Let k = 35 + r. What is the units digit of k?
3
Suppose 2*x - 6 = x. Suppose 5*i + 7 = -m, -2*i - x = -2*m + 4. Suppose 84 = 4*z + 4*t, 2*z + m*t = 11 + 36. What is the tens digit of z?
1
Let p be ((-24)/15)/(3/(31 - 1)). Let a(u) = -u**2 - 18*u - 3. What is the units digit of a(p)?
9
Let q(z) = 14*z**2 + 13*z - 21. What is the hundreds digit of q(7)?
7
Let w = 3574 + 119. What is the thousands digit of w?
3
Let q be (-12)/(-8) + 11/2. Suppose -q*m = -6*m - 25. What is the units digit of m?
5
Let b = -233 + 260. What is the tens digit of b?
2
Let y(s) = s**3 - 6*s**2 + s + 8. Let r be y(6). Let v = r + -6. Suppose v*z - 4*z = 16. What is the units digit of z?
4
Let j(c) = -c**2 - 62*c + 59. What is the hundreds digit of j(-42)?
8
Let n(d) = -22*d + 551. What is the thousands digit of n(-33)?
1
Suppose -4*m - 4 = -3*z - 2, 0 = -2*z + m + 3. What is the hundreds digit of 1/(-6) - (z - 2666/12)?
2
What is the units digit of 3*480 - -7 - 1?
6
Suppose -p - p = p. Suppose -4*v + 4*s = -208, -46 = -p*v - v + 3*s. What is the tens digit of v?
5
Let g(y) = 5*y**2 + 7*y - 3. Let a be g(-6). Suppose 55 = 5*j - a. What is the tens digit of j?
3
Let x(b) = b**3 - 13*b**2 + 11*b + 14. Let d be x(12). Suppose -d*j - 8 = -12. What is the units digit of j?
2
Let k be -4 - -4*3/(-12). Let m(u) = u**3 + 6*u**2 - 3*u + 9. What is the tens digit of m(k)?
4
Suppose 0 = 278*j - 274*j - 2440. What is the hundreds digit of j?
6
Let n(o) = o**3 + 6*o**2 + 4*o + 4. Suppose -4*l + g + 1 - 4 = 0, 4*l - 4*g = -12. Let s = l - 5. What is the units digit of n(s)?
9
Let m be ((-13)/(-2))/(2/4). Let l be (-8)/4 - (m - 0). What is the tens digit of (-224)/(-6) + (-10)/l?
3